{"id":9,"date":"2012-07-11T19:50:18","date_gmt":"2012-07-11T17:50:18","guid":{"rendered":"http:\/\/localhost\/hebammenteam-die2.de\/?page_id=9"},"modified":"2020-05-24T12:14:15","modified_gmt":"2020-05-24T10:14:15","slug":"hebammen-hilfe","status":"publish","type":"page","link":"https:\/\/www.hebammenteam-die2.de\/?page_id=9","title":{"rendered":"Leistungen"},"content":{"rendered":"<p align=\"center\"><span style=\"font-family: Calibri, sans-serif;\"><b>Leistungsspektrum<\/b> <\/span><\/p>\n<ul>\n<li>\n<p align=\"left\"><span style=\"font-family: Calibri, sans-serif;\">Geburtsbegleitung in der Sana Klinik Eutin<\/span><\/p>\n<\/li>\n<li>\n<p align=\"left\"><span style=\"font-family: Calibri, sans-serif;\">Geburtsvorbereitung (auch mit Partner)<\/span><\/p>\n<\/li>\n<li>\n<p align=\"left\"><span style=\"font-family: Calibri, sans-serif;\">Schwangerenvorsorge<\/span><\/p>\n<\/li>\n<li>\n<p align=\"left\"><span style=\"font-family: Calibri, sans-serif;\">Aku-Taping <\/span><\/p>\n<\/li>\n<li>\n<p align=\"left\"><span style=\"font-family: Calibri, sans-serif;\">Hausbesuche vor und nach der Geburt <\/span><\/p>\n<\/li>\n<li>\n<p align=\"left\"><span style=\"font-family: Calibri, sans-serif;\">Stillberatung <\/span><\/p>\n<\/li>\n<li>\n<p align=\"left\"><span style=\"font-family: Calibri, sans-serif;\">Fu\u00dfreflexzonenbehandlung<\/span><\/p>\n<\/li>\n<li>\n<p align=\"left\"><span style=\"font-family: Calibri, sans-serif;\">Beikost-Beratung<\/span><\/p>\n<\/li>\n<li>\n<p align=\"left\"><span style=\"font-family: Calibri, sans-serif;\">R\u00fcckbildungsgymnastik<\/span><\/p>\n<\/li>\n<li>\n<p align=\"left\"><span style=\"font-family: Calibri, sans-serif;\">Hom\u00f6opathie<\/span><\/p>\n<\/li>\n<\/ul>\n<p align=\"center\"><span style=\"font-family: Calibri, sans-serif;\"><b>Beratung<\/b> <\/span><\/p>\n<p align=\"justify\"><span style=\"font-family: Calibri, sans-serif;\">Als Mutter von drei Kindern wei\u00df ich, dass sich Schwangere von ihrer Hebamme erhoffen, ihre Sorgen und Fragen in ruhiger, freundschaftlicher Atmosph\u00e4re loswerden zu k\u00f6nnen und ausf\u00fchrliche, situationsspezifische Antworten zu erhalten, auf die sie vertrauen k\u00f6nnen. <\/span><\/p>\n<p align=\"justify\"><span style=\"font-family: Calibri, sans-serif;\">Eine Schwangerschaft und Geburt sind nat\u00fcrliche Lebensvorg\u00e4nge. Ich m\u00f6chte Ihnen dabei helfen, das Vertrauen zu ihrem K\u00f6rper zu vertiefen und nehme mir daf\u00fcr gerne die Zeit. <\/span><\/p>\n<p align=\"center\"><span style=\"font-family: Calibri, sans-serif;\"><b>Kassenleistung<\/b> <\/span><\/p>\n<p align=\"justify\"><span style=\"font-family: Calibri, sans-serif;\">Die Kosten f\u00fcr meine Leistungen werden in der Regel von den gesetzlichen Krankenkassen getragen. <\/span><\/p>\n<p align=\"justify\"><span style=\"font-family: Calibri, sans-serif;\">Da dies je nach Krankenkasse variieren kann, m\u00f6chte ich Sie bitten, sich diesbez\u00fcglich fr\u00fchzeitig zu erkundigen. <\/span><\/p>\n","protected":false},"excerpt":{"rendered":"<p>Leistungsspektrum Geburtsbegleitung in der Sana Klinik Eutin Geburtsvorbereitung (auch mit Partner) Schwangerenvorsorge Aku-Taping Hausbesuche vor und nach der Geburt Stillberatung Fu\u00dfreflexzonenbehandlung Beikost-Beratung R\u00fcckbildungsgymnastik Hom\u00f6opathie Beratung Als Mutter von drei Kindern wei\u00df ich, dass sich Schwangere von ihrer Hebamme erhoffen, ihre Sorgen und Fragen in ruhiger, freundschaftlicher Atmosph\u00e4re loswerden zu k\u00f6nnen und ausf\u00fchrliche, situationsspezifische Antworten zu [&hellip;]<\/p>\n","protected":false},"author":1,"featured_media":0,"parent":0,"menu_order":2,"comment_status":"open","ping_status":"closed","template":"","meta":{"footnotes":"","_links_to":"","_links_to_target":""},"class_list":["post-9","page","type-page","status-publish","hentry"],"_links":{"self":[{"href":"https:\/\/www.hebammenteam-die2.de\/index.php?rest_route=\/wp\/v2\/pages\/9","targetHints":{"allow":["GET"]}}],"collection":[{"href":"https:\/\/www.hebammenteam-die2.de\/index.php?rest_route=\/wp\/v2\/pages"}],"about":[{"href":"https:\/\/www.hebammenteam-die2.de\/index.php?rest_route=\/wp\/v2\/types\/page"}],"author":[{"embeddable":true,"href":"https:\/\/www.hebammenteam-die2.de\/index.php?rest_route=\/wp\/v2\/users\/1"}],"replies":[{"embeddable":true,"href":"https:\/\/www.hebammenteam-die2.de\/index.php?rest_route=%2Fwp%2Fv2%2Fcomments&post=9"}],"version-history":[{"count":8,"href":"https:\/\/www.hebammenteam-die2.de\/index.php?rest_route=\/wp\/v2\/pages\/9\/revisions"}],"predecessor-version":[{"id":1422,"href":"https:\/\/www.hebammenteam-die2.de\/index.php?rest_route=\/wp\/v2\/pages\/9\/revisions\/1422"}],"wp:attachment":[{"href":"https:\/\/www.hebammenteam-die2.de\/index.php?rest_route=%2Fwp%2Fv2%2Fmedia&parent=9"}],"curies":[{"name":"wp","href":"https:\/\/api.w.org\/{rel}","templated":true}]}}