{"id":2,"date":"2012-07-10T19:39:32","date_gmt":"2012-07-10T19:39:32","guid":{"rendered":"http:\/\/localhost\/hebammenteam-die2.de\/?page_id=2"},"modified":"2020-05-24T12:13:34","modified_gmt":"2020-05-24T10:13:34","slug":"beispiel-seite","status":"publish","type":"page","link":"https:\/\/www.hebammenteam-die2.de\/","title":{"rendered":"Home"},"content":{"rendered":"<h1 style=\"text-align: center;\"><\/h1>\n<h1 style=\"text-align: center;\"><span style=\"color: #800080;\"><strong>Herzlich willkommen auf meiner Website!<\/strong><\/span><\/h1>\n<p align=\"center\"><span style=\"font-family: Calibri, sans-serif;\">Mein Name ist Alicja Mazur und ich bin eine Hebamme, die Sie hier gerne \u00fcber ihre Arbeit informieren m\u00f6chte. <\/span><\/p>\n<p align=\"center\"><span style=\"font-family: Calibri, sans-serif;\">Um eine f\u00fcr Sie optimale Rundumbetreuung anzubieten, arbeite ich \u00fcberregional in den Kreisen Osthostein und Pl\u00f6n<\/span><\/p>\n<p align=\"center\"><span style=\"font-family: Calibri, sans-serif;\">mit einer Geburtenbetreuung in der Sana Klinik in 23701 Eutin. <\/span><\/p>\n<p align=\"center\"><span style=\"font-family: Calibri, sans-serif;\">Meine Erreichbarkeit liegt mir sehr am Herzen.<\/span><\/p>\n<p align=\"center\"><span style=\"font-family: Calibri, sans-serif;\">Deswegen stehe ich Ihnen bei Problemen und Fragen rund um die Uhr mit Rat und Tat zur Seite \u2013<br \/>\nschlie\u00dflich sind auch Wochenenden und Feiertage mit Baby nicht immer sorgenfrei! <\/span><\/p>\n<p align=\"center\"><span style=\"font-family: Calibri, sans-serif;\">Das alles unter dem Motto:<\/span><\/p>\n<p align=\"center\"><span style=\"font-family: Calibri, sans-serif;\"><b>Eine f\u00fcr alle &#8220;F\u00e4lle&#8220;!<\/b><\/span><\/p>\n<p align=\"center\"><a href=\"https:\/\/www.hebammenteam-die2.de\/wp-content\/uploads\/2020\/04\/Frau-Mazur.jpg\"><img loading=\"lazy\" decoding=\"async\" class=\"wp-image-1403 aligncenter\" src=\"https:\/\/www.hebammenteam-die2.de\/wp-content\/uploads\/2020\/04\/Frau-Mazur.jpg\" alt=\"\" width=\"165\" height=\"216\" srcset=\"https:\/\/www.hebammenteam-die2.de\/wp-content\/uploads\/2020\/04\/Frau-Mazur.jpg 687w, https:\/\/www.hebammenteam-die2.de\/wp-content\/uploads\/2020\/04\/Frau-Mazur-230x300.jpg 230w\" sizes=\"auto, (max-width: 165px) 100vw, 165px\" \/><\/a><\/p>\n<p align=\"center\"><span style=\"font-family: Calibri, sans-serif;\">Alicja Mazur <\/span><\/p>\n<p align=\"center\"><span style=\"font-family: Calibri, sans-serif;\"><u>Telefon<\/u>: 01525 \u2013 7092127<br \/>\n<\/span><\/p>\n<p align=\"center\"><span style=\"font-family: Calibri, sans-serif;\">Ich spreche Deutsch, Polnisch und Russisch.<\/span><\/p>\n<p>&nbsp;<\/p>\n<div style=\"margin-left: 700px; margin-top: 55px;\"><\/div>\n","protected":false},"excerpt":{"rendered":"<p>Herzlich willkommen auf meiner Website! Mein Name ist Alicja Mazur und ich bin eine Hebamme, die Sie hier gerne \u00fcber ihre Arbeit informieren m\u00f6chte. Um eine f\u00fcr Sie optimale Rundumbetreuung anzubieten, arbeite ich \u00fcberregional in den Kreisen Osthostein und Pl\u00f6n mit einer Geburtenbetreuung in der Sana Klinik in 23701 Eutin. Meine Erreichbarkeit liegt mir sehr [&hellip;]<\/p>\n","protected":false},"author":1,"featured_media":0,"parent":0,"menu_order":0,"comment_status":"open","ping_status":"closed","template":"home.php","meta":{"footnotes":"","_links_to":"","_links_to_target":""},"class_list":["post-2","page","type-page","status-publish","hentry"],"_links":{"self":[{"href":"https:\/\/www.hebammenteam-die2.de\/index.php?rest_route=\/wp\/v2\/pages\/2","targetHints":{"allow":["GET"]}}],"collection":[{"href":"https:\/\/www.hebammenteam-die2.de\/index.php?rest_route=\/wp\/v2\/pages"}],"about":[{"href":"https:\/\/www.hebammenteam-die2.de\/index.php?rest_route=\/wp\/v2\/types\/page"}],"author":[{"embeddable":true,"href":"https:\/\/www.hebammenteam-die2.de\/index.php?rest_route=\/wp\/v2\/users\/1"}],"replies":[{"embeddable":true,"href":"https:\/\/www.hebammenteam-die2.de\/index.php?rest_route=%2Fwp%2Fv2%2Fcomments&post=2"}],"version-history":[{"count":67,"href":"https:\/\/www.hebammenteam-die2.de\/index.php?rest_route=\/wp\/v2\/pages\/2\/revisions"}],"predecessor-version":[{"id":1421,"href":"https:\/\/www.hebammenteam-die2.de\/index.php?rest_route=\/wp\/v2\/pages\/2\/revisions\/1421"}],"wp:attachment":[{"href":"https:\/\/www.hebammenteam-die2.de\/index.php?rest_route=%2Fwp%2Fv2%2Fmedia&parent=2"}],"curies":[{"name":"wp","href":"https:\/\/api.w.org\/{rel}","templated":true}]}}

<h1 style="text-align: center;"></h1>
<h1 style="text-align: center;"><span style="color: #800080;"><strong>Herzlich willkommen auf meiner Website!</strong></span></h1>
<p align="center"><span style="font-family: Calibri, sans-serif;">Mein Name ist Alicja Mazur und ich bin eine Hebamme, die Sie hier gerne über ihre Arbeit informieren möchte. </span></p>
<p align="center"><span style="font-family: Calibri, sans-serif;">Um eine für Sie optimale Rundumbetreuung anzubieten, arbeite ich überregional in den Kreisen Osthostein und Plön</span></p>
<p align="center"><span style="font-family: Calibri, sans-serif;">mit einer Geburtenbetreuung in der Sana Klinik in 23701 Eutin. </span></p>
<p align="center"><span style="font-family: Calibri, sans-serif;">Meine Erreichbarkeit liegt mir sehr am Herzen.</span></p>
<p align="center"><span style="font-family: Calibri, sans-serif;">Deswegen stehe ich Ihnen bei Problemen und Fragen rund um die Uhr mit Rat und Tat zur Seite –<br />
schließlich sind auch Wochenenden und Feiertage mit Baby nicht immer sorgenfrei! </span></p>
<p align="center"><span style="font-family: Calibri, sans-serif;">Das alles unter dem Motto:</span></p>
<p align="center"><span style="font-family: Calibri, sans-serif;"><b>Eine für alle &#8220;Fälle&#8220;!</b></span></p>
<p align="center"><a href="https://www.hebammenteam-die2.de/wp-content/uploads/2020/04/Frau-Mazur.jpg"><img loading="lazy" decoding="async" class="wp-image-1403 aligncenter" src="https://www.hebammenteam-die2.de/wp-content/uploads/2020/04/Frau-Mazur.jpg" alt="" width="165" height="216" srcset="https://www.hebammenteam-die2.de/wp-content/uploads/2020/04/Frau-Mazur.jpg 687w, https://www.hebammenteam-die2.de/wp-content/uploads/2020/04/Frau-Mazur-230x300.jpg 230w" sizes="auto, (max-width: 165px) 100vw, 165px" /></a></p>
<p align="center"><span style="font-family: Calibri, sans-serif;">Alicja Mazur </span></p>
<p align="center"><span style="font-family: Calibri, sans-serif;"><u>Telefon</u>: 01525 – 7092127<br />
</span></p>
<p align="center"><span style="font-family: Calibri, sans-serif;">Ich spreche Deutsch, Polnisch und Russisch.</span></p>
<p>&nbsp;</p>
<div style="margin-left: 700px; margin-top: 55px;"></div>

<p>Herzlich willkommen auf meiner Website! Mein Name ist Alicja Mazur und ich bin eine Hebamme, die Sie hier gerne über ihre Arbeit informieren möchte. Um eine für Sie optimale Rundumbetreuung anzubieten, arbeite ich überregional in den Kreisen Osthostein und Plön mit einer Geburtenbetreuung in der Sana Klinik in 23701 Eutin. Meine Erreichbarkeit liegt mir sehr [&hellip;]</p>
